ber?
False
Let u = -74 - -132. Is u prime?
False
Let y(n) = n**3 + 5*n**2 + 4*n - 1. Let k be y(-3). Let p = 73 + -39. Suppose m - 4*h = -0*m + p, 0 = -k*m + 4*h + 186. Is m a prime number?
False
Let s(p) = 613*p - 13. Is s(2) a prime number?
True
Let f = -6229 + 10016. Is f composite?
True
Let b be 1277/3 + 4/(-6). Suppose 0 = 3*r + w - 5*w - 283, -b = -5*r - 5*w. Is r a composite number?
False
Let h(a) be the first derivative of -a**4/2 + 2*a**3/3 - 3*a**2/2 - 4*a + 2. Let p = -6 + 3. Is h(p) prime?
False
Let v = 1019 + -325. Is v a composite number?
True
Suppose 6281 = 5*h + 2*y, -3*h + 5*h = 4*y + 2522. Suppose d = -5*z + 1267, 0 = -5*z - d + 5*d + h. Is z composite?
True
Suppose 2*x - 1052 = -4*y, -673 = -3*y + 5*x + 142. Is y a composite number?
True
Is 12/8 + 1406/4 a prime number?
True
Suppose 4*x - 14 = 2. Suppose -4*f = -3*t + 307, -x*t + 395 = -f + 3. Is t a composite number?
False
Suppose -9*h + 242 = -7*h. Is h a composite number?
True
Let x(l) = -l**2 + 6*l - 4. Let n be ((-4)/3)/(-2)*6. Let v be x(n). Suppose -v*b + 110 = 34. Is b prime?
True
Suppose y = p - 92, -p + 2*y + 98 = -y. Is p a composite number?
False
Let v(b) be the first derivative of b**3/3 - 2*b**2 - b + 1. Let x be v(5). Suppose x*n + 3*s - 96 = 64, 2*n = 3*s + 62. Is n a prime number?
True
Let l(q) = 9*q - 10. Let y be l(7). Suppose -m + 100 = -0*m. Let w = m - y. Is w a composite number?
False
Let v be 97/((-44)/15 - -3). Suppose -4*r = r - v. Is r a composite number?
True
Let w be (-22)/99 - 40/(-18). Suppose -i - w*i = -159. Is i a composite number?
False
Let k(n) = -14*n - 12. Let u = 12 - 20. Let f be k(u). Suppose q - 15 = f. Is q prime?
False
Suppose -q = 5*l - 12, -2*q + 15 = 4*l - 21. Is q composite?
True
Let j be 0 + 6 - (-1 + 2). Suppose 0 = d + j - 1. Is (-3 - d)/((-1)/(-19)) composite?
False
Let i(m) = m**3 - 5*m**2 - 6*m + 9. Let q be i(6). Suppose -3*w - 3*p = q, w - 5*p + 6 = 21. Suppose 0 = 4*v - w - 52. Is v a composite number?
False
Let d be 0/(3 - 2) - -425. Let p = d + -16. Is p a composite number?
False
Suppose -5*b - 208 = -2*n, 3*n + 2*n = 5*b + 205. Let w = b + 247. Is w a composite number?
True
Let l(t) = t**3 + 16*t**2 - 4*t - 7. Is l(-10) composite?
True
Let w(q) = -2*q**2 + 7*q - 3. Let a be w(7). Let t = -15 - a. Is t a prime number?
True
Let t(x) = x**2 + 5*x + 3. Is t(5) a prime number?
True
Let x(j) = 3*j - 5. Let n(l) = -l**2 + 7*l - 4. Let f be n(5). Let s be x(f). Let a = s - 4. Is a a prime number?
False
Suppose 2*u + 84 = 6*u. Suppose 22 = g - u. Is g a composite number?
False
Let s be 1/4 + (-17)/4. Let k(c) = 2*c + 2. Let w be k(s). Is (28/w)/(1/(-3)) a prime number?
False
Let b(y) = -y**2 + 8*y - 7. Let f be b(6). Let v = 54 + 131. Suppose -v = -f*j + 50. Is j composite?
False
Suppose 4*t - 3*a - 72 = -0*a, -5*t - 3*a = -90. Is 1451/9 - 4/t composite?
True
Let t = 132 + 199. Is t a prime number?
True
Let h = -2 + 6. Suppose t = 5*p + 379, 0*p = -h*t - p + 1516. Is t a prime number?
True
Let g(h) = -h - 3. Let s be g(-3). Suppose -3*f + 176 + 139 = s. Suppose -4*l + f = -l. Is l prime?
False
Suppose 33285 = 10*t - 8725. Is t composite?
False
Let l(p) = 3*p - 2. Let c be l(2). Suppose 0 = -c*m + 23 + 5. Is m composite?
False
Is 1/(12/(-17256)*(-3 + 1)) prime?
True
Let u(x) = -x + 17. Is u(7) prime?
False
Suppose -5*a + 4*n - 3 = -456, 4*a - 366 = 5*n. Is a a composite number?
False
Suppose 8*i - 2*i = 3738. Is i prime?
False
Suppose 0 = 9*h - 4*h - 1475. Is h prime?
False
Let t = -150 + 351. Is t prime?
False
Suppose f + 3*f + 51 = 5*d, -4*d - 5*f = -8. Suppose 2*t - d*t = -815. Is t composite?
False
Suppose -2*k = -k + 8. Let f(t) be the first derivative of -15*t**2/2 + 7*t + 1. Is f(k) composite?
False
Suppose -2*v + 2957 = s, 3*v - 6*v = 2*s - 4433. Is v a prime number?
True
Let s be (-3 + (-21)/(-9))*-6. Let o(g) = 6*g - s + 3*g**2 + 2*g**2 - 4*g. Is o(3) a prime number?
True
Let b be (-2)/8 + (-13)/(-4). Suppose 0*g + 5*s + 98 = g, 4*s = -8. Suppose 4*o - b*o - g = -y, 5*o + 94 = y. Is y composite?
False
Suppose 9*k - 5*k = 1628. Is k prime?
False
Suppose 821 = 4*h - 24975. Is h prime?
True
Suppose -3*t + 8 = 2. Suppose -5*q + t*q + 21 = 0. Is q a composite number?
False
Let r(v) = -9*v. Suppose 0*s - 3*s = -3. Let z be r(s). Is -1 + (-4)/(-2) - z a composite number?
True
Let h be ((-8)/(-24))/(2/(-12)). Let r be -2 + (h - 55*-1). Suppose -5*d + r = -44. Is d a composite number?
False
Is (-2)/(-13) - (-58923)/39 composite?
False
Let j(n) = -n**3 - 2*n**2 + n - 1. Is j(-7) prime?
False
Is (804/(-18))/(6/(-9)) a composite number?
False
Let t(w) = 24 + 10 - 2*w + w**2 - 2*w + 3*w. Is t(0) a prime number?
False
Suppose 3*q + 1586 = 5*q. Is q prime?
False
Let v = 127 + 60. Is v a prime number?
False
Suppose 0*f = f - 105. Let h be (-1)/(1/(-8)*2). Suppose n + h*n = f. Is n a composite number?
True
Is (-3)/5 - 488/(-5) a composite number?
False
Let n(f) = -f**3 + f**2 + 7*f + 2333. Is n(0) composite?
False
Let q(d) = 3*d**2 - d - 11. Let l(v) = -v**2 + 1. Let k(f) = -7*f**2 + 7. Let c(g) = -k(g) + 6*l(g). Let o(x) = 4*c(x) - q(x). Is o(5) a prime number?
True
Let h be (-4)/6 + 364/(-21). Let a be (-1)/(3/h*2). Suppose 16 = a*k - 377. Is k a composite number?
False
Let q be (-100)/(-16) - (-2)/(-8). Let c(s) = -s**2 + 7*s - 1. Let v be c(q). Suppose 71 = 2*y + v. Is y prime?
False
Suppose -4*z - 2*d = -3*z - 6, -3*d = -6. Is 52/(-2)*z/(-4) a prime number?
True
Suppose -3*c = -2*b - 1034, -b + 5*c - 517 = 3*c. Let g = b + 782. Is g composite?
True
Let i be ((-6)/(-8))/(2/(-48)). Let t be (-2)/((-20)/i - 1). Is 22*-3*15/t prime?
False
Let h = 1515 - 700. Suppose 16 = -17*d + 19*d. Suppose -d*p + h = -3*p. Is p composite?
False
Let q(o) = 197*o**3 + o - 1. Let t be q(1). Let l = -114 + t. Is l prime?
True
Suppose 0 = z - 5*a - 1569, -5*a + 2*a - 3166 = -2*z. Is z prime?
False
Suppose -4*v + 2*c = -c - 21, 24 = 5*v - 3*c. Suppose d = v*d - 908. Is d a prime number?
False
Let s = -39 - -76. Is s a prime number?
True
Let m be 1*-1*5 + 2. Let b = 5 + m. Suppose -9 - 9 = -b*t. Is t prime?
False
Suppose -25*q + 853 = -24*q. Is q composite?
False
Suppose -4*x + 7*x = -4*o + 22, x - o = -2. Suppose -2*h = 2*t - 298, 4*h + 414 = x*t + 116. Is t a composite number?
False
Suppose -a + 250 = 5*w, -a - a = -5*w + 265. Is w a composite number?
True
Let a = 657 - 277. Suppose 2*t - a = -3*t. Suppose -4*o - t + 272 = 0. Is o composite?
True
Let g be 0 + (-6)/3 + 4. Suppose 1 = y - g. Suppose -y*n - 75 = -8*n. Is n a prime number?
False
Let h be (-72)/(-33) - (-2)/(-11). Suppose 0 = -h*x + 3*f + 23, 0 = 3*x + 3*f - 6*f - 30. Is x a prime number?
True
Let a(o) = -o**3 - 8*o**2 - 6*o - 11. Let n = -14 + 6. Is a(n) composite?
False
Let k(i) = -15*i - 1. Let s be k(-3). Is (-2 - (-5)/2)*s composite?
True
Suppose 2*q = 3*j - 3, 5*q = -j + 9 + 9. Is j*(0 - (-57)/9) prime?
True
Let l(k) = k + 7. Let m be l(-12). Let u(a) = -a**3 - 2*a**2 + 7*a + 7. Is u(m) composite?
False
Suppose -180 = -2*v - 2*n + 6*n, 4*n = -2*v + 148. Let s = -23 + v. Is s a prime number?
True
Let u = 5 + -6. Let b(m) = -76*m + 1. Is b(u) a prime number?
False
Suppose t = 5*t + 152. Let i be -61*((-2)/(-2) + -2). Let q = t + i. Is q composite?
False
Let p = -663 - -1402. Is p a composite number?
False
Suppose -4*d + 15 = -1. Let b be (-2 + 2)*2/d. Suppose b = -0*g - 3*g + 63. Is g a prime number?
False
Let k(w) = -1174*w + 3. Is k(-1) prime?
False
Let r be ((-26)/6)/((-2)/6). Let v be -2 + (3*r - 2). Suppose 2*c = 109 - v. Is c prime?
True
Suppose -299 = -4*p + 3*z + 217, 0 = -5*p - 2*z + 622. Let m = 22 + -22. Is p - (0 - (m - -1)) a composite number?
False
Suppose -5*f + 10*f = 15. Let p(o) = o**3 - 3*o + 1. Is p(f) composite?
False
Suppose -33 = -o + 190. Is o prime?
True
Suppose -5*c + 25 = 0, -2*c + 7*c = -2*g + 45. Let h = g - 0. Suppose -i + 2*p = -h, 0 = -4*p + p - 6. Is i a composite number?
True
Suppose 4*d = 3*d - 6. Is 1 + (289 - d/2) prime?
True
Suppose -14*j = -10*j - 1432. Is j composite?
True
Suppose -5*k + 522 = 4*b, 3*k - 352 = b - 32. Is k composite?
True
Let m be 3*(-2 + 16/6). Is m - ((-1)/1 + 0) a composite number?
False
Let i = -11 + 25. Let x = i - 7. Let u(c) = c**3 - 8*c**2 + 9*c. Is u(x) composite?
True
Suppose -2076 = 3*y - 5241. Is y a prime numbe